6, y - 322 = -10*h + 5*h. Calculate the greatest common divisor of 26 and h.
13
Let v = -42 - -60. Suppose 3*l + z - 462 = -83, -l = -z - 125. What is the greatest common factor of l and v?
18
Let m(x) = 2*x**2 + 3*x - 3. Suppose 5*k - 10 = 7*k. Let p be m(k). What is the highest common divisor of p and 48?
16
Let q be (3/3 - -3)*5. What is the highest common divisor of q and 10?
10
Suppose 2*f + 224 = 4*f. Let m = -119 - -67. Let x = f + m. What is the greatest common divisor of x and 20?
20
Let f(s) = 13*s + 3. Let u be f(3). Let p = 18 + -4. Calculate the greatest common factor of u and p.
14
Let n(l) = l**3 - 3*l**2 + 5*l. Let q be n(4). Calculate the highest common divisor of 12 and q.
12
Let w = 16 - 10. Let p be (w/3)/2 - -6. Calculate the greatest common divisor of 77 and p.
7
Suppose b + 0*b = 4. Suppose -3*y + 18 = -b*l, -5*y + 4*l - 7 = -45. Let x = -15 + 45. What is the greatest common divisor of x and y?
10
Suppose -111 = -3*y + 4*n - n, 2*y - 5*n - 59 = 0. What is the greatest common factor of 105 and y?
21
Suppose 503 = 5*b + 123. What is the greatest common factor of 19 and b?
19
Suppose 4*q - 49 - 43 = 0. Let l(d) = 2*d**2 + 2*d - 1. Let u be l(3). What is the highest common divisor of q and u?
23
Let f(k) = k**2 + 2*k + 4. Let h be f(-5). Suppose -3*u + 2*r + h = 0, 3*r - 11 = 3*u + 7*r. What is the highest common divisor of u and 6?
3
Suppose 0 = -2*i + 15 - 1. Let k(p) = -6 + 5*p - 10 + 13. Let y be k(i). What is the greatest common factor of y and 8?
8
Suppose -10*a = -3*a - 42. Suppose 165 = -5*u - 0. Let j be 2*(-1 - u/a). Calculate the highest common divisor of 18 and j.
9
Suppose 6*l - 19 = 53. What is the highest common factor of 12 and l?
12
Let f(i) = -6*i - 26. Let b be f(-6). What is the greatest common divisor of b and 110?
10
Let j(y) = 20*y. Let i be j(2). Let x be (-1)/(-3) - i/(-6). Calculate the greatest common factor of x and 14.
7
Suppose -x = 1 - 16. Calculate the greatest common factor of 10 and x.
5
Let y be (1/(-2))/((-8)/9504). Suppose o = 3*o - y. What is the highest common factor of o and 27?
27
Let d = 9 - 8. Calculate the highest common divisor of 1 and d.
1
Let m = -5 - -5. Suppose b - 26 = -m*b. Calculate the greatest common factor of b and 13.
13
Suppose -4*d - a = -3, 0*d + d = -a. Let c = 6 - d. Suppose 5*n - 65 - 10 = 5*u, 105 = 4*n + c*u. What is the greatest common divisor of n and 160?
20
Suppose -7 = -q - 4. Let i be 214/14 + (-8)/28. Let u = i - -9. What is the highest common divisor of q and u?
3
Let k = -11 - -18. Let m(t) = k*t - 1 - 3*t - 2*t. Let d be m(5). Calculate the greatest common divisor of d and 1.
1
Let y be (3 + -4)/(3/(-9)). Suppose -3*j - 1 = -5*a + y, 5*a = -2*j - 11. Let f(c) = -10*c + 1. Let n be f(a). What is the highest common divisor of 1 and n?
1
Let y = -4 - -6. Suppose 2*z + 3*v = -y*z + 87, 3*v = -5*z + 105. What is the greatest common factor of z and 2?
2
Suppose -266 = -5*f - 3*d, -49 = 2*f - 3*f - 2*d. Suppose -f - 3 = 2*n. Let l = -17 - n. Calculate the highest common divisor of l and 84.
12
Suppose -2*w + 23 = -w + 2*k, 2*w - 54 = -2*k. What is the highest common factor of w and 31?
31
Let y(q) = -3*q. Let k be y(-1). Suppose w + 3*h = 6*w - 56, k*h + 4 = w. What is the highest common divisor of w and 104?
13
Let h be -6*39/(-4)*2. What is the greatest common divisor of 13 and h?
13
Suppose 27 = 3*f - f - w, w + 11 = f. Let z be ((-15)/(-10))/((-3)/(-4)). Calculate the greatest common factor of f and z.
2
Suppose -4*x + 3 = -3*i, 2*x - 3*i - 5 = -2. Let v be 3 + -1 + (x - 1). Let k be (-3 - -3) + (v - -1). What is the greatest common factor of k and 5?
1
Let y = -4 + 4. Let d(x) = -x**3 + x + 12. Let u be d(y). What is the highest common factor of 6 and u?
6
Let c(o) = -2*o - 3 + 4*o - 3*o**2 + 0*o. Let f be c(2). Let w = f - -19. What is the highest common divisor of w and 88?
8
Let g(m) = -m**2 - 11*m - 6. Let n be g(-12). Let h = n - -88. What is the highest common divisor of h and 28?
14
Let c = 73 - 40. Let l = 45 + -23. What is the highest common factor of l and c?
11
Let u(s) = -s**2 + 13*s + 13. Let c be u(14). Let d be 2/c - (-7 - 5). Calculate the greatest common divisor of d and 30.
10
Suppose 6*u - 88 = 2*u. What is the highest common divisor of u and 88?
22
Let u be (-1)/2 + 20/8. Suppose -10 - 4 = u*y + 4*g, y + 22 = -5*g. Calculate the highest common divisor of y and 12.
3
Suppose -m - 6*m + 399 = 0. What is the greatest common factor of m and 19?
19
Let k(r) = -r**2 + 20*r + 3. Let o be k(19). What is the highest common factor of o and 22?
22
Let l be 5/3*(3 - 0). What is the greatest common divisor of l and 35?
5
Let r = 141 - 131. What is the highest common divisor of 15 and r?
5
Let o = -40 - -88. Let d be (-38)/(-6) - (-1)/(-3). What is the greatest common factor of o and d?
6
Suppose 9 = 4*d - 3. Suppose 18 = -5*j + 8*j. What is the highest common factor of d and j?
3
Let l = 61 + -54. Suppose -w - 4*y = 11, 0*w - 2*w - 10 = 5*y. Suppose 2 = -3*m + w*m. Calculate the greatest common factor of l and m.
1
Suppose 5*r - 124 = -79. Calculate the greatest common factor of 81 and r.
9
Let r(l) = l**3 - 12*l**2 - 13*l + 18. Let a be r(13). Let b = -3 + 5. Calculate the highest common divisor of a and b.
2
Suppose 5*s + 458 = 3*g, -2*s = -4*g + 712 - 92. Suppose -2*i - h + g = -3*h, -2*h - 390 = -5*i. What is the highest common divisor of 52 and i?
26
Suppose -3*y + 2*y + n + 6 = 0, -4*y + 21 = -5*n. What is the highest common factor of 63 and y?
9
Let f = 7 + 5. What is the greatest common factor of f and 120?
12
Suppose -3*t + 223 = -305. What is the highest common divisor of t and 44?
44
Suppose 2*m + 3*m = 25, -s + 209 = 4*m. What is the greatest common factor of 27 and s?
27
Let q be (-3 - (-3)/(-2))*-14. What is the highest common factor of q and 9?
9
Let q be 4 + -2 + (4 - (-28 + -3)). Calculate the highest common divisor of 148 and q.
37
Let t(q) = -5*q - 5. Let n(p) = -p**3 - 4*p**2 + 3. Let z be n(-3). Let f be t(z). Let y be (-8)/(-20) + 69/15. What is the highest common divisor of y and f?
5
Suppose -4*d - 5*n + 181 = 0, -2*d - n = -6*n - 53. Let g be (0 - (-1)/3)*d. Let p be (-13)/(-2)*(2 + 0). Calculate the highest common factor of g and p.
13
Suppose -3 = c - 3. Let y(h) be the second derivative of h**4/12 + h**3/6 + 13*h**2/2 + h. Let t be y(c). Calculate the greatest common divisor of t and 65.
13
Let a = -5 + 8. Suppose -a*o = -5*z - 11, -z + 13 = o + 4. Let j be 207/6 - (-4)/8. Calculate the greatest common divisor of j and o.
7
Suppose 0 = 4*h - 39 - 57. Let p be (-102)/(-27) + (-4)/(-18). Let t be (-2 - -11)*p/12. What is the greatest common divisor of h and t?
3
Let m(z) = -45*z**3 - 1. Let p be m(-1). Suppose 3*d = 7*d - p. Calculate the greatest common factor of 121 and d.
11
Let j = 11 + -2. Let s be 6/21 + (-500)/(-14). Calculate the greatest common factor of s and j.
9
Let w = -29 + 41. What is the highest common factor of 12 and w?
12
Let t be (36/(-1))/(33/(-44)). What is the greatest common divisor of t and 6?
6
Let y(h) = 2*h**2 + 8*h + 5. Let k be y(-5). Suppose -4*b + k = 3. Calculate the greatest common divisor of 27 and b.
3
Let i = -7 - -11. Suppose 4*t = -0*t - i. Let o be (-11)/(-1 - t/2). What is the highest common factor of o and 55?
11
Suppose -2*j + 9 + 3 = -r, j = r + 8. Suppose 0 = 5*a + 25, -2*t - 2*a = -6*a - 28. Let i be (-1)/(-2) + 2/t. Calculate the highest common divisor of j and i.
1
Let t be (1 - -1)/(6/3). Suppose -4*w + 2*h = 4*h + 36, -4*h = -3*w - 27. Let p be 1 - (1 + (w - 2)). What is the greatest common divisor of p and t?
1
Suppose 76 = 3*w + 22. Calculate the highest common factor of 6 and w.
6
Let h = 51 + -31. What is the greatest common factor of 50 and h?
10
Let r(n) = 2*n**2 - 6*n + 4. Let a be r(4). Let b be (4/(-6))/((-4)/42). Let c = b - 3. Calculate the highest common divisor of a and c.
4
Let i(v) = -14*v + 5. Let l be i(-5). Calculate the highest common divisor of 15 and l.
15
Suppose -10 = -x + 74. Calculate the greatest common factor of 28 and x.
28
Let g be 9 + (-8)/(-6)*3. What is the greatest common divisor of 52 and g?
13
Suppose 9*x - 16*x + 210 = 0. Calculate the greatest common divisor of 270 and x.
30
Let m be (-8)/12 + (-52)/(-6). Let d(p) = -p**2 + 9*p + 